Calculate w(6).
-93
Let f(t) = 296*t**2 - 454*t - 11342. Calculate f(7).
-16
Let t(s) = 5917*s - 278068. Give t(47).
31
Let l(x) = x**2 - 3914*x + 618615. Calculate l(165).
30
Let n(v) = v**3 + 49*v**2 + 41*v - 223. What is n(-47)?
2268
Let o(p) = -313*p**3 - 92*p**2 + 202*p - 24. Determine o(2).
-2492
Let j(b) = 13*b**2 - 9691*b - 9690. Give j(-1).
14
Let l(k) = 11742*k + 58648. Calculate l(-5).
-62
Let t(j) = 2*j**2 + 338*j + 8873. What is t(-138)?
317
Let o(z) = -284*z**2 - 2543*z - 174. Give o(-9).
-291
Let q(n) = 145*n - 628. Calculate q(8).
532
Let n(g) = g**2 - 1264*g - 426938. Calculate n(-277).
-81
Let l(i) = -24*i**3 - 1941*i**2 + 217*i - 2104. Give l(-81).
2
Let c(s) = -3573481*s + 21440890. Give c(6).
4
Let x(g) = 3*g**2 + 171*g + 910. Determine x(-51).
-8
Let a(g) = 5*g**3 + 272*g**2 - 165*g - 116. Calculate a(-55).
-116
Let w(m) = 5*m**2 + 21*m - 6073. Determine w(-37).
-5
Let d(a) = 83*a**2 + 24*a - 59. Give d(-3).
616
Let n(x) = -x**2 - 10099*x + 578901. Give n(57).
9
Let b(u) = u**3 + 55*u**2 - 122*u - 602. Give b(-57).
-146
Let i(b) = b**3 - 428*b**2 - 193*b - 101185. Determine i(429).
59
Let d(p) = 2301*p + 64706. What is d(-28)?
278
Let g(b) = b**2 - 82*b - 13672. Calculate g(-83).
23
Let l(x) = x**2 - 1189*x + 306349. What is l(377)?
225
Let b(q) = q**3 + 405*q**2 + 2411*q + 6761. Calculate b(-399).
-22
Let u(r) = 33*r + 910. Give u(-16).
382
Let f(h) = -168*h - 4475. What is f(-24)?
-443
Let v(h) = 499*h + 5354. Give v(-9).
863
Let w(u) = -172619*u - 8803558. Determine w(-51).
11
Let t(l) = -14*l**2 + 91*l + 499. What is t(15)?
-1286
Let g(f) = -4*f**3 - 31*f**2 + 32*f + 364. Give g(-6).
-80
Let t(n) = 293*n**2 + 22417*n + 11322. Calculate t(-76).
-2
Let s(c) = -c**3 - 225*c**2 + 2512*c + 416774. Determine s(-228).
-10
Let k(a) = -12*a**3 + 1261*a**2 - 65*a - 4379. Calculate k(105).
-179
Let h(m) = -125*m + 26267. Give h(210).
17
Let b(n) = -110*n**2 - 1109*n - 98. Give b(-10).
-8
Let c(l) = -33*l + 2748. Determine c(84).
-24
Let i(o) = 59371*o - 14130302. Calculate i(238).
-4
Let h(d) = 3318*d + 169223. Calculate h(-51).
5
Let c(p) = p**2 + 24*p - 8282. Give c(-111).
1375
Let j(a) = -3*a**3 + 152*a**2 - 2*a + 1380. What is j(51)?
-1323
Let t(c) = -3*c**2 + 3208*c - 240169. Give t(81).
-4
Let g(a) = -44664*a - 355644. What is g(-8)?
1668
Let j(b) = 3*b**3 - 114*b**2 - b - 25. Determine j(38).
-63
Let f(n) = -415*n + 10729. Determine f(27).
-476
Let t(k) = -k**2 + 12150*k + 182504. Give t(-15).
29
Let k(f) = 1656*f + 307118. Determine k(-185).
758
Let n(v) = -2379*v - 17035. Give n(-7).
-382
Let w(q) = q**3 - 43*q**2 - 24*q + 908. Calculate w(43).
-124
Let d(p) = -5*p**3 + 37*p**2 + 36*p - 88. Calculate d(8).
8
Let q(u) = u**3 + 66*u**2 + 51*u + 1148. What is q(-66)?
-2218
Let k(m) = m**3 - 130*m**2 - 131*m - 456. Determine k(131).
-456
Let i(z) = -102*z + 24359. Calculate i(239).
-19
Let z(a) = 31*a**3 + 2473*a**2 - 554*a + 576. Calculate z(-80).
96
Let h(w) = -w**3 + 16*w**2 + 430*w - 180. Give h(30).
120
Let r(g) = 4*g**2 - 88*g + 29. Give r(16).
-355
Let z(d) = -73*d**2 + 294*d - 1625. Calculate z(5).
-1980
Let j(r) = r**3 + 69*r**2 - 1188*r - 78313. Determine j(-70).
-53
Let l(m) = 36*m**2 - 389*m - 9. Give l(10).
-299
Let v(y) = 19391*y + 8745345. Calculate v(-451).
4
Let j(m) = -m**3 - 55*m**2 - 545*m + 161. Calculate j(-13).
148
Let z(q) = q**2 - 28694*q - 6535918. What is z(-226)?
2
Let i(z) = 5*z**2 - 1936*z - 231940. Give i(-96).
-4
Let p(j) = 12972*j - 544985. Determine p(42).
-161
Let j(y) = -161403*y - 10491186. Give j(-65).
9
Let c(p) = 2*p**2 + 31447*p - 503666. Calculate c(16).
-2
Let a(m) = 438*m - 64275. Calculate a(146).
-327
Let v(o) = o**2 - 4642*o + 188571. Determine v(41).
-70
Let l(i) = 736*i - 8567. Determine l(12).
265
Let f(t) = -t**3 - 80*t**2 - 1252*t - 748. Give f(-20).
292
Let r(f) = -7*f**2 + 1024*f + 14483. Calculate r(-14).
-1225
Let t(a) = 3*a**2 + 269*a - 9770. Give t(29).
554
Let d(s) = -2*s**2 - 59*s - 463. What is d(-31)?
-556
Let l(p) = -53*p - 14605. What is l(-342)?
3521
Let n(u) = 52*u - 2896. Determine n(71).
796
Let r(m) = 5*m**3 + 22*m**2 - 3*m - 57. Give r(-7).
-673
Let p(m) = -m**3 + 642*m**2 + 20882*m - 12757. Determine p(673).
30
Let b(l) = 1631700*l + 48950998. What is b(-30)?
-2
Let j(u) = -2*u**3 - 20*u**2 - 941*u - 9417. Give j(-10).
-7
Let x(y) = y**2 - 1030157*y - 10301667. Determine x(-10).
3
Let m(v) = 16186*v + 744550. What is m(-46)?
-6
Let s(u) = 4*u**3 - 3*u**2 - 5059*u - 10103. What is s(-2)?
-29
Let a(i) = -2*i**2 - 9247*i + 74127. Give a(8).
23
Let q(h) = 255475*h - 255477. Calculate q(1).
-2
Let o(q) = 2*q**2 + 327*q - 2271. What is o(-171)?
294
Let n(m) = m**3 + 595*m**2 - 16137*m + 5472. Determine n(-621).
-117
Let l(g) = -20*g**3 - 8*g**2 + 15*g + 114. Calculate l(-3).
537
Let q(h) = h**2 + 1578*h + 40354. Calculate q(-26).
2
Let y(m) = -m**2 - 647*m + 61412. Calculate y(84).
8
Let a(y) = 7007*y + 203180. Give a(-29).
-23
Let c(v) = -v**3 + 9*v**2 + 29477*v - 265291. What is c(9)?
2
Let v(a) = 186*a**2 + 1102*a - 16. What is v(-6)?
68
Let d(y) = 2*y**3 - 110*y**2 + 412*y - 13. What is d(51)?
191
Let m(d) = -8*d**2 + 2754*d - 6078. What is m(342)?
78
Let k(c) = -c**2 + 388*c + 221430. Calculate k(-315).
-15
Let o(v) = v**3 + 287*v**2 + 3896*v + 1032457. Calculate o(-286).
-3
Let f(y) = -352*y + 264639. Give f(752).
-65
Let g(k) = -3101*k + 43265. Give g(14).
-149
Let y(x) = -2673*x + 18706. What is y(7)?
-5
Let q(c) = c**3 + 314*c**2 - 967*c - 5202. Calculate q(-317).
-130
Let k(r) = -70535*r - 70403. Determine k(-1).
132
Let z(t) = -16*t**2 + 1073*t + 7. Calculate z(67).
74
Let c(x) = 69*x**2 + 565*x - 464. Determine c(-9).
40
Let s(g) = -4*g**2 + 943*g - 42486. Determine s(175).
39
Let r(q) = 9*q**2 + 1918*q + 11479. Determine r(-207).
94
Let y(n) = 2*n**2 - 2473*n + 131097. Determine y(1181).
6
Let x(h) = -25485*h - 127429. Calculate x(-5).
-4
Let d(l) = -l**3 - 204*l**2 + 9477*l + 8. What is d(39)?
8
Let x(r) = -2*r**3 + 48*r**2 - 61*r - 3141. What is x(16)?
-21
Let l(q) = 10*q**2 + 219*q - 975. Give l(-35).
3610
Let t(z) = 41*z**2 - 36086*z + 5285. Calculate t(880).
5
Let u(w) = -27*w**3 - 5693*w**2 + 848*w + 830. Determine u(-211).
-14
Let s(j) = j**2 - 99*j + 1548. Determine s(74).
-302
Let i(a) = -a**3 - 296*a**2 + 12*a + 3602. What is i(-296)?
50
Let r(s) = 5*s**2 + 3535*s + 392642. Calculate r(-138).
32
Let y(h) = -8*h**2 + 2890*h - 164866. Calculate y(71).
-4
Let s(w) = -3377*w + 94531. Determine s(28).
-25
Let q(k) = 3*k**2 - 422*k + 3576. Calculate q(9).
21
Let h(d) = 2*d**3 - 14*d**2 - 175*d - 236. Determine h(14).
58
Let z(a) = 2*a**2 + 203*a + 1699. Give z(-9).
34
Let p(h) = -h**3 - 110*h**2 - 1666*h - 214. Determine p(-92).
706
Let u(r) = 337274*r - 9106384. Give u(27).
14
Let p(x) = -40407*x + 2222385. Determine p(55).
0
Let m(a) = 503*a**2 - 14586*a - 27. What is m(29)?
2
Let u(k) = -1159*k + 26618. What is u(24)?
-1198
Let p(j) = -j**3 - 9*j**2 + 176*j + 172. Calculate p(10).
32
Let r(k) = -46*k - 6699. Give r(-145).
-29
Let f(d) = 2*d**2 + 8870*d + 636828. What is f(-73)?
-24
Let f(p) = 13*p**2 + 230*p - 515. Determine f(2).
-3
Let b(d) = 2*d**2 - 275*d - 2663. Determine b(145).
-488
Let t(y) = -9266*y - 64847. Determine t(-7).
15
Let m(c) = -6915*c - 193627. Determine m(-28).
-7
Let r(c) = 324*c**2 + 870*c - 871. Calculate r(1).
323
Let l(k) = 35376*k + 34855. Give l(-1).
-521
Let p(x) = -x**3 - 78*x**2 - 6264*x - 476380. What is p(-77)?
19
Let l(k) = 3821*k + 905592. Calculate l(-237).
15
Let t(o) = -o**3 - 112*o**2 + 1503*o + 1047. What is t(-124)?
-813
Let p(o) = -o**3 - 11*o**2 - 1207*o - 11961. Give p(-10).
9
Let k(u) = -551*u + 10153. Determine k(19).
-316
Let x(s) = 2*s**2 + 180*s - 9841. Calculate x(-128).
-113
Let w(o) = -46*o - 1514. Determine w(-45).
556
Let g(v) = 846*v - 4529. Give g(3).
-1991
Let a(k) = -153*k**2 + 7935*k - 28358. Give a(48).
10
Let i(w) = -273*w + 272. Give i(-4).
1364
Let h(r) = r**3 - 20*r**2 - 153*r + 73. Calculate h(26).
151
Let f(q) = -q**3 - 69*q**2 + 691*q - 952. Give f(-78).
-94
Let g(i) = 3*i**2 + 593997*i + 593992. Calculate g(-1).
-2
Let w(s) = s**3 + 128*s**2 - 540*s - 1498. What is w(-132)?
86
Let p(o) = -364*o - 185. Give p(-2).
543
Let y(p) = p**3 + 9*p**2 - 256*p - 3. Give y(-17).
